96567?
3
What is the hundreds digit of 35349?
3
What is the thousands digit of 6277357?
7
What is the units digit of 3569537?
7
What is the ten thousands digit of 2200070?
0
What is the hundreds digit of 5597181?
1
What is the tens digit of 546427?
2
What is the hundred thousands digit of 4704801?
7
What is the thousands digit of 583878?
3
What is the tens digit of 883800?
0
What is the ten thousands digit of 9794092?
9
What is the ten thousands digit of 4480901?
8
What is the units digit of 750032?
2
What is the ten millions digit of 11521086?
1
What is the millions digit of 8910198?
8
What is the millions digit of 3089310?
3
What is the thousands digit of 45095?
5
What is the hundreds digit of 211588?
5
What is the millions digit of 3182152?
3
What is the hundreds digit of 226580?
5
What is the ten thousands digit of 14880980?
8
What is the units digit of 1378174?
4
What is the ten thousands digit of 408201?
0
What is the hundred thousands digit of 633832?
6
What is the ten thousands digit of 4840749?
4
What is the units digit of 567995?
5
What is the ten millions digit of 28616065?
2
What is the ten thousands digit of 495714?
9
What is the thousands digit of 118080?
8
What is the hundreds digit of 196966?
9
What is the thousands digit of 15568?
5
What is the tens digit of 158497?
9
What is the hundreds digit of 76417?
4
What is the hundreds digit of 262270?
2
What is the units digit of 803241?
1
What is the ten thousands digit of 1194818?
9
What is the tens digit of 83146?
4
What is the hundred thousands digit of 2205027?
2
What is the thousands digit of 322934?
2
What is the millions digit of 2961471?
2
What is the ten thousands digit of 2998422?
9
What is the hundreds digit of 548209?
2
What is the hundreds digit of 1312483?
4
What is the thousands digit of 167648?
7
What is the hundreds digit of 1710287?
2
What is the millions digit of 2671887?
2
What is the ten thousands digit of 175091?
7
What is the hundreds digit of 6132831?
8
What is the units digit of 27965480?
0
What is the millions digit of 13990305?
3
What is the units digit of 785878?
8
What is the ten thousands digit of 312626?
1
What is the ten thousands digit of 795511?
9
What is the units digit of 25707?
7
What is the thousands digit of 204125?
4
What is the ten thousands digit of 1836914?
3
What is the hundred thousands digit of 15059861?
0
What is the tens digit of 101233?
3
What is the ten thousands digit of 469438?
6
What is the hundred thousands digit of 2239234?
2
What is the units digit of 584346?
6
What is the units digit of 4814824?
4
What is the millions digit of 3006974?
3
What is the hundreds digit of 817654?
6
What is the hundred thousands digit of 305771?
3
What is the hundreds digit of 644057?
0
What is the hundred thousands digit of 468865?
4
What is the thousands digit of 61698?
1
What is the tens digit of 471086?
8
What is the tens digit of 143881?
8
What is the ten thousands digit of 643086?
4
What is the tens digit of 63486?
8
What is the hundreds digit of 277388?
3
What is the millions digit of 27448672?
7
What is the units digit of 440798?
8
What is the thousands digit of 4276061?
6
What is the tens digit of 337702?
0
What is the units digit of 3732476?
6
What is the thousands digit of 14628093?
8
What is the hundred thousands digit of 320684?
3
What is the ten thousands digit of 1879756?
7
What is the thousands digit of 31611?
1
What is the thousands digit of 9490612?
0
What is the units digit of 54079?
9
What is the tens digit of 26081535?
3
What is the tens digit of 1330717?
1
What is the units digit of 351375?
5
What is the millions digit of 6881089?
6
What is the units digit of 244497?
7
What is the hundreds digit of 5342292?
2
What is the millions digit of 1868386?
1
What is the hundreds digit of 657468?
4
What is the ten thousands digit of 1039202?
3
What is the hundreds digit of 4776124?
1
What is the units digit of 781679?
9
What is the thousands digit of 1116606?
6
What is the units digit of 512417?
7
What is the hundreds digit of 867765?
7
What is the ten thousands digit of 368437?
6
What is the units digit of 135362?
2
What is the thousands digit of 3573376?
3
What is the hundred thousands digit of 446918?
4
What is the hundred thousands digit of 2117111?
1
What is the ten thousands digit of 13602721?
0
What is the hundreds digit of 482594?
5
What is the ten thousands digit of 3917903?
1
What is the hundreds digit of 2637537?
5
What is the hundred thousands digit of 926742?
9
What is the tens digit of 280665?
6
What is the hundreds digit of 28723?
7
What is the millions digit of 5013989?
5
What is the hundreds digit of 9383020?
0
What is the tens digit of 712844?
4
What is the ten thousands digit of 9491791?
9
What is the tens digit of 4027478?
7
What is the ten thousands digit of 18931495?
3
What is the hundreds digit of 559455?
4
What is the units digit of 7706086?
6
What is the tens digit of 98479?
7
What is the units digit of 58396?
6
What is the thousands digit of 5905269?
5
What is the millions digit of 1778172?
1
What is the hundred thousands digit of 4657433?
6
What is the thousands digit of 16631833?
1
What is the thousands digit of 261023?
1
What is the units digit of 333054?
4
What is the thousands digit of 230837?
0
What is the hundreds digit of 4284690?
6
What is the hundreds digit of 1115657?
6
What is the ten thousands digit of 1136641?
3
What is the units digit of 20740656?
6
What is the tens digit of 912433?
3
What is the millions digit of 6112018?
6
What is the units digit of 1701777?
7
What is the hundreds digit of 7661121?
1
What is the tens digit of 38239?
3
What is the tens digit of 456124?
2
What is the units digit of 707496?
6
What is the hundreds digit of 3591117?
1
What is the units digit of 480056?
6
What is the ten thousands digit of 903932?
0
What is the units digit of 115938?
8
What is the ten thousands digit of 1577064?
7
What is the ten thousands digit of 973266?
7
What is the millions digit of 1195310?
1
What is the tens digit of 1544473?
7
What is the hundred thousands digit of 1360156?
3
What is the hundred thousands digit of 27187761?
1
What is the hundreds digit of 3095137?
1
What is the hundreds digit of 6545?
5
What is the hundreds digit of 3732980?
9
What is the hundreds digit of 9773044?
0
What is the tens digit of 12246856?
5
What is the tens digit of 20758?
5
What is the thousands digit of 1621088?
1
What is the hundred thousands digit of 1602775?
6
What is the ten thousands digit of 5182346?
8
What is the thousands digit of 276113?
6
What is the tens digit of 519383?
8
What is the ten millions digit of 34712746?
3
What is the millions digit of 2292203?
2
What is the ten thousands digit of 1437487?
3
What is the units digit of 282537?
7
What is the ten thousands digit of 6967215?
6
What is the millions digit of 2230565?
2
What is the hundreds digit of 634987?
9
What is the ten thousands digit of 417112?
1
What is the hundreds digit of 2174137?
1
What is the hundred thousands digit of 5460424?
4
What is the hundreds digit of 333329?
3
What is the units digit of 12153362?
2
What is the thousands digit of 2103577?
3
What is the ten thousands digit of 412663?
1
What is the units digit of 3097657?
7
What is the ten thousands digit of 379191?
7
What is the hundreds digit of 248022?
0
What is the units digit of 60924?
4
What is the tens digit of 215020?
2
What is the units digit of 228612?
2
What is the millions digit of 1294169?
1
What is the hundreds digit of 522819?
8
What is the tens digit of 40662?
6
What is the tens digit of 2991901?
0
What is the thousands digit of 255936?
5
What is the thousands digit of 528897?
8
What is the hundreds digit of 388336?
3
What is the units digit of 347650?
0
What is the hundreds digit of 12639132?
1
What is the thousands digit of 11759678?
9
What is the ten thousands digit of 822249?
2
What is the hundred thousands digit of 7836875?
8
What is the units digit of 134279?
9
What is the units digit of 1683691?
1
What is the hundred thousands digit of 2027127?
0
What is the hundreds digit of 107225?
2
What is the units digit of 307073?
3
What is the ten thousands digit of 2365606?
6
What is the hundred thousands digit of 16031207?
0
What is the ten thousands digit o